[INFO] fetching crate stools 1.1.6...
[INFO] checking stools-1.1.6 against master#9610dfe5a9a731ced1ea4923ecbd0c57fe367898 for beta-170-4
[INFO] extracting crate stools 1.1.6 into /workspace/builds/worker-5-tc1/source
[INFO] validating manifest of crates.io crate stools 1.1.6 on toolchain 9610dfe5a9a731ced1ea4923ecbd0c57fe367898
[INFO] running `Command { std: CARGO_HOME="/workspace/cargo-home" RUSTUP_HOME="/workspace/rustup-home" "/workspace/cargo-home/bin/cargo" "+9610dfe5a9a731ced1ea4923ecbd0c57fe367898" "metadata" "--manifest-path" "Cargo.toml" "--no-deps", kill_on_drop: false }`
[INFO] started tweaking crates.io crate stools 1.1.6
[INFO] finished tweaking crates.io crate stools 1.1.6
[INFO] tweaked toml for crates.io crate stools 1.1.6 written to /workspace/builds/worker-5-tc1/source/Cargo.toml
[INFO] crate crates.io crate stools 1.1.6 already has a lockfile, it will not be regenerated
[INFO] running `Command { std: CARGO_HOME="/workspace/cargo-home" RUSTUP_HOME="/workspace/rustup-home" "/workspace/cargo-home/bin/cargo" "+9610dfe5a9a731ced1ea4923ecbd0c57fe367898" "fetch" "--manifest-path" "Cargo.toml", kill_on_drop: false }`
[INFO] running `Command { std: "docker" "create" "-v" "/var/lib/crater-agent-workspace/builds/worker-5-tc1/target:/opt/rustwide/target:rw,Z" "-v" "/var/lib/crater-agent-workspace/builds/worker-5-tc1/source:/opt/rustwide/workdir:ro,Z" "-v" "/var/lib/crater-agent-workspace/cargo-home:/opt/rustwide/cargo-home:ro,Z" "-v" "/var/lib/crater-agent-workspace/rustup-home:/opt/rustwide/rustup-home:ro,Z" "-e" "SOURCE_DIR=/opt/rustwide/workdir" "-e" "CARGO_TARGET_DIR=/opt/rustwide/target" "-e" "CARGO_HOME=/opt/rustwide/cargo-home" "-e" "RUSTUP_HOME=/opt/rustwide/rustup-home" "-w" "/opt/rustwide/workdir" "-m" "1610612736" "--user" "0:0" "--network" "none" "ghcr.io/rust-lang/crates-build-env/linux@sha256:5ff2268d62e97bff2cde7d5815dd6ed5b47097566f13b8d0ca110b04b60e07ed" "/opt/rustwide/cargo-home/bin/cargo" "+9610dfe5a9a731ced1ea4923ecbd0c57fe367898" "metadata" "--no-deps" "--format-version=1", kill_on_drop: false }`
[INFO] [stdout] fbd470d9e34b9ea5a518af42304d117d44157c5a7add442ff95932295fecc2d9
[INFO] running `Command { std: "docker" "start" "-a" "fbd470d9e34b9ea5a518af42304d117d44157c5a7add442ff95932295fecc2d9", kill_on_drop: false }`
[INFO] running `Command { std: "docker" "inspect" "fbd470d9e34b9ea5a518af42304d117d44157c5a7add442ff95932295fecc2d9", kill_on_drop: false }`
[INFO] running `Command { std: "docker" "rm" "-f" "fbd470d9e34b9ea5a518af42304d117d44157c5a7add442ff95932295fecc2d9", kill_on_drop: false }`
[INFO] [stdout] fbd470d9e34b9ea5a518af42304d117d44157c5a7add442ff95932295fecc2d9
[INFO] running `Command { std: "docker" "create" "-v" "/var/lib/crater-agent-workspace/builds/worker-5-tc1/target:/opt/rustwide/target:rw,Z" "-v" "/var/lib/crater-agent-workspace/builds/worker-5-tc1/source:/opt/rustwide/workdir:ro,Z" "-v" "/var/lib/crater-agent-workspace/cargo-home:/opt/rustwide/cargo-home:ro,Z" "-v" "/var/lib/crater-agent-workspace/rustup-home:/opt/rustwide/rustup-home:ro,Z" "-e" "SOURCE_DIR=/opt/rustwide/workdir" "-e" "CARGO_TARGET_DIR=/opt/rustwide/target" "-e" "CARGO_INCREMENTAL=0" "-e" "RUST_BACKTRACE=full" "-e" "RUSTFLAGS=--cap-lints=forbid" "-e" "RUSTDOCFLAGS=--cap-lints=forbid" "-e" "CARGO_HOME=/opt/rustwide/cargo-home" "-e" "RUSTUP_HOME=/opt/rustwide/rustup-home" "-w" "/opt/rustwide/workdir" "-m" "1610612736" "--user" "0:0" "--network" "none" "ghcr.io/rust-lang/crates-build-env/linux@sha256:5ff2268d62e97bff2cde7d5815dd6ed5b47097566f13b8d0ca110b04b60e07ed" "/opt/rustwide/cargo-home/bin/cargo" "+9610dfe5a9a731ced1ea4923ecbd0c57fe367898" "check" "--frozen" "--all" "--all-targets" "--message-format=json", kill_on_drop: false }`
[INFO] [stdout] ace00247695c087e6cbdcc60b545ccaeb4e5601b1b2e3f9dfe52c6ae64846b9d
[INFO] running `Command { std: "docker" "start" "-a" "ace00247695c087e6cbdcc60b545ccaeb4e5601b1b2e3f9dfe52c6ae64846b9d", kill_on_drop: false }`
[INFO] [stderr]     Checking stools v1.1.6 (/opt/rustwide/workdir)
[INFO] [stdout] error[E0433]: failed to resolve: could not find `windows` in `os`
[INFO] [stdout]   --> src/fs/mod.rs:13:14
[INFO] [stdout]    |
[INFO] [stdout] 13 | use std::os::windows::fs::MetadataExt;
[INFO] [stdout]    |              ^^^^^^^ could not find `windows` in `os`
[INFO] [stdout] 
[INFO] [stdout] 
[INFO] [stdout] error[E0433]: failed to resolve: could not find `windows` in `os`
[INFO] [stdout]   --> src/fs/mod.rs:13:14
[INFO] [stdout]    |
[INFO] [stdout] 13 | use std::os::windows::fs::MetadataExt;
[INFO] [stdout]    |              ^^^^^^^ could not find `windows` in `os`
[INFO] [stdout] 
[INFO] [stdout] 
[INFO] [stdout] warning: unused import: `Read`
[INFO] [stdout]  --> src/fs/stream.rs:4:35
[INFO] [stdout]   |
[INFO] [stdout] 4 | use std::io::{BufRead, BufReader, Read};
[INFO] [stdout]   |                                   ^^^^
[INFO] [stdout]   |
[INFO] [stdout]   = note: `#[warn(unused_imports)]` on by default
[INFO] [stdout] 
[INFO] [stdout] 
[INFO] [stdout] warning: unused import: `Read`
[INFO] [stdout]  --> src/fs/stream.rs:4:35
[INFO] [stdout]   |
[INFO] [stdout] 4 | use std::io::{BufRead, BufReader, Read};
[INFO] [stdout]   |                                   ^^^^
[INFO] [stdout]   |
[INFO] [stdout]   = note: `#[warn(unused_imports)]` on by default
[INFO] [stdout] 
[INFO] [stdout] 
[INFO] [stdout] error[E0599]: no method named `last_access_time` found for struct `Metadata` in the current scope
[INFO] [stdout]    --> src/fs/mod.rs:118:34
[INFO] [stdout]     |
[INFO] [stdout] 118 |                 Ok(data) => data.last_access_time(),
[INFO] [stdout]     |                                  ^^^^^^^^^^^^^^^^ method not found in `Metadata`
[INFO] [stdout]     |
[INFO] [stdout]     = help: items from traits can only be used if the trait is implemented and in scope
[INFO] [stdout] note: `DFiles` defines an item `last_access_time`, perhaps you need to implement it
[INFO] [stdout]    --> src/fs/mod.rs:23:1
[INFO] [stdout]     |
[INFO] [stdout] 23  | pub trait DFiles {
[INFO] [stdout]     | ^^^^^^^^^^^^^^^^
[INFO] [stdout] 
[INFO] [stdout] 
[INFO] [stdout] error[E0599]: no method named `last_access_time` found for struct `Metadata` in the current scope
[INFO] [stdout]    --> src/fs/mod.rs:118:34
[INFO] [stdout]     |
[INFO] [stdout] 118 |                 Ok(data) => data.last_access_time(),
[INFO] [stdout]     |                                  ^^^^^^^^^^^^^^^^ method not found in `Metadata`
[INFO] [stdout]     |
[INFO] [stdout]     = help: items from traits can only be used if the trait is implemented and in scope
[INFO] [stdout] note: `DFiles` defines an item `last_access_time`, perhaps you need to implement it
[INFO] [stdout]    --> src/fs/mod.rs:23:1
[INFO] [stdout]     |
[INFO] [stdout] 23  | pub trait DFiles {
[INFO] [stdout]     | ^^^^^^^^^^^^^^^^
[INFO] [stdout] 
[INFO] [stdout] 
[INFO] [stdout] error[E0599]: no method named `last_write_time` found for struct `Metadata` in the current scope
[INFO] [stdout]    --> src/fs/mod.rs:126:34
[INFO] [stdout]     |
[INFO] [stdout] 126 |                 Ok(data) => data.last_write_time(),
[INFO] [stdout]     |                                  ^^^^^^^^^^^^^^^ method not found in `Metadata`
[INFO] [stdout]     |
[INFO] [stdout]     = help: items from traits can only be used if the trait is implemented and in scope
[INFO] [stdout] note: `DFiles` defines an item `last_write_time`, perhaps you need to implement it
[INFO] [stdout]    --> src/fs/mod.rs:23:1
[INFO] [stdout]     |
[INFO] [stdout] 23  | pub trait DFiles {
[INFO] [stdout]     | ^^^^^^^^^^^^^^^^
[INFO] [stdout] 
[INFO] [stdout] 
[INFO] [stdout] error[E0599]: no method named `last_write_time` found for struct `Metadata` in the current scope
[INFO] [stdout]    --> src/fs/mod.rs:126:34
[INFO] [stdout]     |
[INFO] [stdout] 126 |                 Ok(data) => data.last_write_time(),
[INFO] [stdout]     |                                  ^^^^^^^^^^^^^^^ method not found in `Metadata`
[INFO] [stdout]     |
[INFO] [stdout]     = help: items from traits can only be used if the trait is implemented and in scope
[INFO] [stdout] note: `DFiles` defines an item `last_write_time`, perhaps you need to implement it
[INFO] [stdout]    --> src/fs/mod.rs:23:1
[INFO] [stdout]     |
[INFO] [stdout] 23  | pub trait DFiles {
[INFO] [stdout]     | ^^^^^^^^^^^^^^^^
[INFO] [stdout] 
[INFO] [stdout] 
[INFO] [stdout] error[E0599]: no method named `creation_time` found for struct `Metadata` in the current scope
[INFO] [stdout]    --> src/fs/mod.rs:134:34
[INFO] [stdout]     |
[INFO] [stdout] 134 |                 Ok(data) => data.creation_time(),
[INFO] [stdout]     |                                  ^^^^^^^^^^^^^ method not found in `Metadata`
[INFO] [stdout]     |
[INFO] [stdout]     = help: items from traits can only be used if the trait is implemented and in scope
[INFO] [stdout] note: `DFiles` defines an item `creation_time`, perhaps you need to implement it
[INFO] [stdout]    --> src/fs/mod.rs:23:1
[INFO] [stdout]     |
[INFO] [stdout] 23  | pub trait DFiles {
[INFO] [stdout]     | ^^^^^^^^^^^^^^^^
[INFO] [stdout] 
[INFO] [stdout] 
[INFO] [stdout] error[E0599]: no method named `creation_time` found for struct `Metadata` in the current scope
[INFO] [stdout]    --> src/fs/mod.rs:134:34
[INFO] [stdout]     |
[INFO] [stdout] 134 |                 Ok(data) => data.creation_time(),
[INFO] [stdout]     |                                  ^^^^^^^^^^^^^ method not found in `Metadata`
[INFO] [stdout]     |
[INFO] [stdout]     = help: items from traits can only be used if the trait is implemented and in scope
[INFO] [stdout] note: `DFiles` defines an item `creation_time`, perhaps you need to implement it
[INFO] [stdout]    --> src/fs/mod.rs:23:1
[INFO] [stdout]     |
[INFO] [stdout] 23  | pub trait DFiles {
[INFO] [stdout]     | ^^^^^^^^^^^^^^^^
[INFO] [stdout] 
[INFO] [stdout] 
[INFO] [stdout] warning: unused import: `super::other::And`
[INFO] [stdout]  --> src/fs/file.rs:3:5
[INFO] [stdout]   |
[INFO] [stdout] 3 | use super::other::And;
[INFO] [stdout]   |     ^^^^^^^^^^^^^^^^^
[INFO] [stdout] 
[INFO] [stdout] 
[INFO] [stdout] warning: unused import: `BufRead`
[INFO] [stdout]  --> src/fs/stream.rs:4:15
[INFO] [stdout]   |
[INFO] [stdout] 4 | use std::io::{BufRead, BufReader, Read};
[INFO] [stdout]   |               ^^^^^^^
[INFO] [stdout] 
[INFO] [stdout] 
[INFO] [stdout] error: aborting due to 4 previous errors; 3 warnings emitted
[INFO] [stdout] 
[INFO] [stdout] 
[INFO] [stdout] warning: unused import: `super::other::And`
[INFO] [stdout]  --> src/fs/file.rs:3:5
[INFO] [stdout]   |
[INFO] [stdout] 3 | use super::other::And;
[INFO] [stdout]   |     ^^^^^^^^^^^^^^^^^
[INFO] [stdout] 
[INFO] [stdout] 
[INFO] [stdout] warning: unused import: `BufRead`
[INFO] [stdout]  --> src/fs/stream.rs:4:15
[INFO] [stdout]   |
[INFO] [stdout] 4 | use std::io::{BufRead, BufReader, Read};
[INFO] [stdout]   |               ^^^^^^^
[INFO] [stdout] 
[INFO] [stdout] 
[INFO] [stdout] Some errors have detailed explanations: E0433, E0599.
[INFO] [stdout] 
[INFO] [stdout] For more information about an error, try `rustc --explain E0433`.
[INFO] [stdout] 
[INFO] [stdout] error: aborting due to 4 previous errors; 3 warnings emitted
[INFO] [stdout] 
[INFO] [stdout] 
[INFO] [stdout] Some errors have detailed explanations: E0433, E0599.
[INFO] [stdout] 
[INFO] [stdout] For more information about an error, try `rustc --explain E0433`.
[INFO] [stdout] 
[INFO] [stderr] error: could not compile `stools` (lib test) due to 5 previous errors; 3 warnings emitted
[INFO] [stderr] warning: build failed, waiting for other jobs to finish...
[INFO] [stderr] error: could not compile `stools` (lib) due to 5 previous errors; 3 warnings emitted
[INFO] running `Command { std: "docker" "inspect" "ace00247695c087e6cbdcc60b545ccaeb4e5601b1b2e3f9dfe52c6ae64846b9d", kill_on_drop: false }`
[INFO] running `Command { std: "docker" "rm" "-f" "ace00247695c087e6cbdcc60b545ccaeb4e5601b1b2e3f9dfe52c6ae64846b9d", kill_on_drop: false }`
[INFO] [stdout] ace00247695c087e6cbdcc60b545ccaeb4e5601b1b2e3f9dfe52c6ae64846b9d
